{"id":1290,"date":"2019-09-27T09:44:32","date_gmt":"2019-09-27T12:44:32","guid":{"rendered":"https:\/\/hospitalmed.com.br\/feira\/?page_id=1290"},"modified":"2021-11-16T00:25:07","modified_gmt":"2021-11-16T02:25:07","slug":"4o-forum-de-lideres-da-saude","status":"publish","type":"page","link":"https:\/\/hospitalmed.com.br\/feira\/eventos\/4o-forum-de-lideres-da-saude\/","title":{"rendered":"4\u00ba F\u00f3rum de L\u00edderes da Sa\u00fade"},"content":{"rendered":"","protected":false},"excerpt":{"rendered":"","protected":false},"author":2,"featured_media":0,"parent":45,"menu_order":0,"comment_status":"closed","ping_status":"closed","template":"","meta":{"footnotes":""},"class_list":["post-1290","page","type-page","status-publish","hentry"],"_links":{"self":[{"href":"https:\/\/hospitalmed.com.br\/feira\/wp-json\/wp\/v2\/pages\/1290","targetHints":{"allow":["GET"]}}],"collection":[{"href":"https:\/\/hospitalmed.com.br\/feira\/wp-json\/wp\/v2\/pages"}],"about":[{"href":"https:\/\/hospitalmed.com.br\/feira\/wp-json\/wp\/v2\/types\/page"}],"author":[{"embeddable":true,"href":"https:\/\/hospitalmed.com.br\/feira\/wp-json\/wp\/v2\/users\/2"}],"replies":[{"embeddable":true,"href":"https:\/\/hospitalmed.com.br\/feira\/wp-json\/wp\/v2\/comments?post=1290"}],"version-history":[{"count":4,"href":"https:\/\/hospitalmed.com.br\/feira\/wp-json\/wp\/v2\/pages\/1290\/revisions"}],"predecessor-version":[{"id":1616,"href":"https:\/\/hospitalmed.com.br\/feira\/wp-json\/wp\/v2\/pages\/1290\/revisions\/1616"}],"up":[{"embeddable":true,"href":"https:\/\/hospitalmed.com.br\/feira\/wp-json\/wp\/v2\/pages\/45"}],"wp:attachment":[{"href":"https:\/\/hospitalmed.com.br\/feira\/wp-json\/wp\/v2\/media?parent=1290"}],"curies":[{"name":"wp","href":"https:\/\/api.w.org\/{rel}","templated":true}]}}

4º Fórum de Líderes da Saúde
